{"id":172,"date":"2021-01-02T09:36:36","date_gmt":"2021-01-02T09:36:36","guid":{"rendered":"https:\/\/christiansenconsulting.dk\/?page_id=172"},"modified":"2022-01-26T14:57:23","modified_gmt":"2022-01-26T14:57:23","slug":"basale-oekonomiraad","status":"publish","type":"page","link":"https:\/\/christiansenconsulting.dk\/?page_id=172","title":{"rendered":"Basale \u00f8konomir\u00e5d"},"content":{"rendered":"\n<p><strong>Som nystartet virksomhed eller iv\u00e6rks\u00e6tter skal du huske, at du kan f\u00e5:<\/strong><\/p>\n\n\n\n<ul class=\"wp-block-list\"><li>Fradrag for kontor eller lign. hvis du driver din forretning fra din privatadresse. Det g\u00e6lder husleje, el, varme mm.&nbsp;<\/li><li>Fradrag&nbsp;for k\u00f8rsel i din private bil for de km du k\u00f8rer for virksomheden.&nbsp;<\/li><li>Fradrag for lokaler du evt. lejer til brug for din forretning.&nbsp;<\/li><li>Hj\u00e6lp og sparring hvis du skal i banken. Det er vigtigt, at b\u00e5de du og banken kender din forretning.&nbsp;&nbsp;<\/li><li>Hj\u00e6lp og inspiration i din lokale erhvervsforening<\/li><\/ul>\n\n\n\n<p>Har du behov for hj\u00e6lp eller sparring omkring ovenst\u00e5ende forhold s\u00e5 ring eller send os en besked.\u00a0<\/p>\n\n\n\n<p><\/p>\n","protected":false},"excerpt":{"rendered":"<p>Som nystartet virksomhed eller iv\u00e6rks\u00e6tter skal du huske, at du kan f\u00e5: Fradrag for kontor eller lign. hvis du driver din forretning fra din privatadresse. Det g\u00e6lder husleje, el, varme mm.&nbsp; Fradrag&nbsp;for k\u00f8rsel i din private bil for de km du k\u00f8rer for virksomheden.&nbsp; Fradrag for lokaler du evt. lejer til brug for din forretning.&nbsp; &hellip;<\/p>\n<p class=\"read-more\"> <a class=\"\" href=\"https:\/\/christiansenconsulting.dk\/?page_id=172\"> <span class=\"screen-reader-text\">Basale \u00f8konomir\u00e5d<\/span> L\u00e6s mere &raquo;<\/a><\/p>\n","protected":false},"author":1,"featured_media":0,"parent":170,"menu_order":0,"comment_status":"closed","ping_status":"closed","template":"","meta":{"footnotes":""},"class_list":["post-172","page","type-page","status-publish","hentry"],"_links":{"self":[{"href":"https:\/\/christiansenconsulting.dk\/index.php?rest_route=\/wp\/v2\/pages\/172"}],"collection":[{"href":"https:\/\/christiansenconsulting.dk\/index.php?rest_route=\/wp\/v2\/pages"}],"about":[{"href":"https:\/\/christiansenconsulting.dk\/index.php?rest_route=\/wp\/v2\/types\/page"}],"author":[{"embeddable":true,"href":"https:\/\/christiansenconsulting.dk\/index.php?rest_route=\/wp\/v2\/users\/1"}],"replies":[{"embeddable":true,"href":"https:\/\/christiansenconsulting.dk\/index.php?rest_route=%2Fwp%2Fv2%2Fcomments&post=172"}],"version-history":[{"count":8,"href":"https:\/\/christiansenconsulting.dk\/index.php?rest_route=\/wp\/v2\/pages\/172\/revisions"}],"predecessor-version":[{"id":527,"href":"https:\/\/christiansenconsulting.dk\/index.php?rest_route=\/wp\/v2\/pages\/172\/revisions\/527"}],"up":[{"embeddable":true,"href":"https:\/\/christiansenconsulting.dk\/index.php?rest_route=\/wp\/v2\/pages\/170"}],"wp:attachment":[{"href":"https:\/\/christiansenconsulting.dk\/index.php?rest_route=%2Fwp%2Fv2%2Fmedia&parent=172"}],"curies":[{"name":"wp","href":"https:\/\/api.w.org\/{rel}","templated":true}]}}