{"id":39,"date":"2021-01-01T14:43:05","date_gmt":"2021-01-01T14:43:05","guid":{"rendered":"https:\/\/christiansenconsulting.dk\/?page_id=39"},"modified":"2022-05-15T18:25:23","modified_gmt":"2022-05-15T18:25:23","slug":"referencer","status":"publish","type":"page","link":"https:\/\/christiansenconsulting.dk\/?page_id=39","title":{"rendered":"Referencer"},"content":{"rendered":"\n<hr class=\"wp-block-separator has-text-color has-background has-vivid-red-background-color has-vivid-red-color is-style-wide\"\/>\n\n\n\n<figure class=\"wp-block-image size-large is-resized\"><img loading=\"lazy\" decoding=\"async\" src=\"https:\/\/christiansenconsulting.dk\/wp-content\/uploads\/2022\/05\/2988699348-1.png\" alt=\"\" class=\"wp-image-538\" width=\"300\" height=\"51\"\/><\/figure>\n\n\n<p><i>&#8220;Hvor har I v\u00e6ret hele mit liv? S\u00e5dan sp\u00f8rger jeg Anne Marie og Johan fra Christiansen Consulting. Christiansen Consulting hj\u00e6lper mig med at bliver klogere p\u00e5 min egen virksomhed. Jeg f\u00e5r konstruktiv feedback og hj\u00e6lp til de udfordringer jeg har som selvst\u00e6ndig.\u00a0 Anne Marie og Johan er \u201dhelt nede ved jorden\u201d &#8211; det kan jeg godt li`.&#8221;<br \/><\/i>Christina Seemann, Indehaver af Salon Christina<\/p>\n\n\n<hr class=\"wp-block-separator has-text-color has-background has-vivid-red-background-color has-vivid-red-color is-style-wide\"\/>\n\n\n\n<figure class=\"wp-block-image size-large is-resized\"><img loading=\"lazy\" decoding=\"async\" src=\"https:\/\/christiansenconsulting.dk\/wp-content\/uploads\/2022\/01\/logo-aa.png\" alt=\"\" class=\"wp-image-484\" width=\"412\" height=\"49\" srcset=\"https:\/\/christiansenconsulting.dk\/wp-content\/uploads\/2022\/01\/logo-aa.png 440w, https:\/\/christiansenconsulting.dk\/wp-content\/uploads\/2022\/01\/logo-aa-300x35.png 300w\" sizes=\"(max-width: 412px) 100vw, 412px\" \/><\/figure>\n\n\n\n<p><em>Christiansen Consulting er et n\u00e6rv\u00e6rende konsulentfirma, der form\u00e5r at m\u00f8de firmaet\/kunden p\u00e5 lige fod<\/em>.<br>Rasmus Gansler, Centerleder af Arena Aabenraa<\/p>\n\n\n\n<hr class=\"wp-block-separator has-text-color has-background has-vivid-red-background-color has-vivid-red-color is-style-wide\"\/>\n\n\n\n<figure class=\"wp-block-image size-large is-resized\"><img loading=\"lazy\" decoding=\"async\" src=\"https:\/\/christiansenconsulting.dk\/wp-content\/uploads\/2022\/01\/logo-laer.jpg\" alt=\"\" class=\"wp-image-481\" width=\"192\" height=\"39\" srcset=\"https:\/\/christiansenconsulting.dk\/wp-content\/uploads\/2022\/01\/logo-laer.jpg 899w, https:\/\/christiansenconsulting.dk\/wp-content\/uploads\/2022\/01\/logo-laer-300x62.jpg 300w, https:\/\/christiansenconsulting.dk\/wp-content\/uploads\/2022\/01\/logo-laer-768x158.jpg 768w\" sizes=\"(max-width: 192px) 100vw, 192px\" \/><\/figure>\n\n\n\n<p><em>Hj\u00e6lpsomheden er stor hos Christiansen Consulting, og jeg kan altid f\u00e5 fat p\u00e5 Johan, hvis der m\u00e5tte v\u00e6re sp\u00f8rgsm\u00e5l<\/em>.<br>Martin Paaske, Indehaver af L\u00e6r &amp; Red<\/p>\n\n\n\n<hr class=\"wp-block-separator has-text-color has-background has-vivid-red-background-color has-vivid-red-color is-style-wide\"\/>\n\n\n\n<figure class=\"wp-block-image size-large is-resized\"><a href=\"http:\/\/klindt-staldteknik.dk\/\" target=\"_blank\" rel=\"noopener\"><img loading=\"lazy\" decoding=\"async\" src=\"https:\/\/christiansenconsulting.dk\/wp-content\/uploads\/2021\/03\/Klindt-logo.jpg\" alt=\"\" class=\"wp-image-412\" width=\"417\" height=\"75\" srcset=\"https:\/\/christiansenconsulting.dk\/wp-content\/uploads\/2021\/03\/Klindt-logo.jpg 550w, https:\/\/christiansenconsulting.dk\/wp-content\/uploads\/2021\/03\/Klindt-logo-300x54.jpg 300w\" sizes=\"(max-width: 417px) 100vw, 417px\" \/><\/a><\/figure>\n\n\n\n<p><em>Christiansen Consulting er meget behagelige at samarbejde med og har taget pulsen p\u00e5 min virksomhed samt synliggjort indsatsomr\u00e5der gennem en god dialog om daglige arbejdsgange.<\/em><br>Michael Klindt, Indehaver af Klindt Staldteknik<\/p>\n\n\n\n<hr class=\"wp-block-separator has-text-color has-background has-vivid-red-background-color has-vivid-red-color is-style-wide\"\/>\n\n\n\n<figure class=\"wp-block-image size-large is-resized\"><a href=\"https:\/\/weststream.dk\/\" target=\"_blank\" rel=\"noopener\"><img loading=\"lazy\" decoding=\"async\" src=\"https:\/\/christiansenconsulting.dk\/wp-content\/uploads\/2021\/01\/Weststream-logo-1024x176.jpg\" alt=\"\" class=\"wp-image-283\" width=\"293\" height=\"50\" srcset=\"https:\/\/christiansenconsulting.dk\/wp-content\/uploads\/2021\/01\/Weststream-logo-1024x176.jpg 1024w, https:\/\/christiansenconsulting.dk\/wp-content\/uploads\/2021\/01\/Weststream-logo-300x51.jpg 300w, https:\/\/christiansenconsulting.dk\/wp-content\/uploads\/2021\/01\/Weststream-logo-768x132.jpg 768w, https:\/\/christiansenconsulting.dk\/wp-content\/uploads\/2021\/01\/Weststream-logo.jpg 1388w\" sizes=\"(max-width: 293px) 100vw, 293px\" \/><\/a><\/figure>\n\n\n\n<p><em>Christiansen Consulting har fra dag \u00e9t assisteret mig med at komme i gang som selvst\u00e6ndig erhvervsdrivende. Johan er et yderst behagligt bekendtskab, og han udviser ro, grundighed og professionalisme. Man kan tydeligt m\u00e6rke, at han vil g\u00f8re, hvad han kan for at hj\u00e6lpe sine kunder p\u00e5 bedst mulig m\u00e5de, og derfor kan jeg kun give Christiansen Consulting mine varmeste anbefalinger.<\/em><br>Lars D\u00fcwel, Indehaver, WestStream<\/p>\n\n\n\n<hr class=\"wp-block-separator has-text-color has-background has-vivid-red-background-color has-vivid-red-color is-style-wide\"\/>\n\n\n\n<figure class=\"wp-block-image size-large is-resized\"><a href=\"https:\/\/www.df-automotive.de\/\" target=\"_blank\" rel=\"noopener\"><img loading=\"lazy\" decoding=\"async\" src=\"https:\/\/christiansenconsulting.dk\/wp-content\/uploads\/2021\/01\/DF-logo.png\" alt=\"\" class=\"wp-image-214\" width=\"158\" height=\"84\" srcset=\"https:\/\/christiansenconsulting.dk\/wp-content\/uploads\/2021\/01\/DF-logo.png 307w, https:\/\/christiansenconsulting.dk\/wp-content\/uploads\/2021\/01\/DF-logo-300x160.png 300w\" sizes=\"(max-width: 158px) 100vw, 158px\" \/><\/a><\/figure>\n\n\n\n<div class=\"wp-block-columns is-layout-flex wp-container-core-columns-is-layout-1 wp-block-columns-is-layout-flex\">\n<div class=\"wp-block-column is-layout-flow wp-block-column-is-layout-flow\">\n<p><span style=\"color: #993300;\"><strong data-rich-text-format-boundary=\"true\">Empfehlung:<br><\/strong><\/span><em><strong>Die erzielten Ergebnisse sowie die gemeinsame Zusammenarbeit mit Johan waren sehr zufriedenstellend<br><\/strong>Johan trug zur Effizienzsteigerung und Optimierung im Unternehmen bei. Durch seinen Einsatz im Bereich der Organisation st\u00e4rkte Johan au\u00dferdem die Entwicklung des Managements bei DF Automotive. Johan hat einen Strategiplan herausgearbeitet, welcher anschlie\u00dfend im Unternehmen implementiert wurde. Diese ambitionierte Arbeitsweise trug zum Wachstum sowie zur Optimierung der Kosten hinsichtlich der finanziellen Ziele von DF Automotive bei.&nbsp;&nbsp;&nbsp;<\/em><\/p>\n<p>Daniel Jonas, CEO, DF Automotive<em data-rich-text-format-boundary=\"true\"><br><\/em><\/p>\n\n\n\n<p><\/p>\n<\/div>\n\n\n\n<div class=\"wp-block-column is-layout-flow wp-block-column-is-layout-flow\">\n<p><span style=\"color: #993300;\"><strong data-rich-text-format-boundary=\"true\">Udtalelse:<\/strong><\/span><em><strong data-rich-text-format-boundary=\"true\"><br>Jeg er s\u00e6rdeles tilfreds med resultaterne, og samarbejdet med Johan har v\u00e6ret meget tilfredsstillende<br><\/strong><\/em><em data-rich-text-format-boundary=\"true\">Johan har bidraget til en betydelig effektivisering og optimeringen af DF Automotive og til en organisations\u00e6ndring, hvilket har styrket den ledelsesm\u00e6ssige udvikling af DF Automotive. Johan har udarbejdet strategiplan og udf\u00f8rt strategiplanen i DF Automotive. Det har medf\u00f8rt en betydelig \u00f8get v\u00e6kst for DF Automotive samt optimeringer og omkostningsbesparelser, s\u00e5ledes at de \u00f8konomiske m\u00e5l er blevet indfriet.<\/em><\/p>\n<p>Daniel Jonas, CEO, DF Automotive<em data-rich-text-format-boundary=\"true\"><br><\/em><\/p>\n\n\n\n<p><\/p>\n<\/div>\n<\/div>\n\n\n\n<hr class=\"wp-block-separator has-text-color has-background has-vivid-red-background-color has-vivid-red-color is-style-wide\"\/>\n\n\n\n<p><\/p>\n","protected":false},"excerpt":{"rendered":"<p>&#8220;Hvor har I v\u00e6ret hele mit liv? S\u00e5dan sp\u00f8rger jeg Anne Marie og Johan fra Christiansen Consulting. Christiansen Consulting hj\u00e6lper mig med at bliver klogere p\u00e5 min egen virksomhed. Jeg f\u00e5r konstruktiv feedback og hj\u00e6lp til de udfordringer jeg har som selvst\u00e6ndig.\u00a0 Anne Marie og Johan er \u201dhelt nede ved jorden\u201d &#8211; det kan jeg &hellip;<\/p>\n<p class=\"read-more\"> <a class=\"\" href=\"https:\/\/christiansenconsulting.dk\/?page_id=39\"> <span class=\"screen-reader-text\">Referencer<\/span> L\u00e6s mere &raquo;<\/a><\/p>\n","protected":false},"author":1,"featured_media":0,"parent":0,"menu_order":5,"comment_status":"closed","ping_status":"closed","template":"","meta":{"footnotes":""},"class_list":["post-39","page","type-page","status-publish","hentry"],"_links":{"self":[{"href":"https:\/\/christiansenconsulting.dk\/index.php?rest_route=\/wp\/v2\/pages\/39"}],"collection":[{"href":"https:\/\/christiansenconsulting.dk\/index.php?rest_route=\/wp\/v2\/pages"}],"about":[{"href":"https:\/\/christiansenconsulting.dk\/index.php?rest_route=\/wp\/v2\/types\/page"}],"author":[{"embeddable":true,"href":"https:\/\/christiansenconsulting.dk\/index.php?rest_route=\/wp\/v2\/users\/1"}],"replies":[{"embeddable":true,"href":"https:\/\/christiansenconsulting.dk\/index.php?rest_route=%2Fwp%2Fv2%2Fcomments&post=39"}],"version-history":[{"count":57,"href":"https:\/\/christiansenconsulting.dk\/index.php?rest_route=\/wp\/v2\/pages\/39\/revisions"}],"predecessor-version":[{"id":541,"href":"https:\/\/christiansenconsulting.dk\/index.php?rest_route=\/wp\/v2\/pages\/39\/revisions\/541"}],"wp:attachment":[{"href":"https:\/\/christiansenconsulting.dk\/index.php?rest_route=%2Fwp%2Fv2%2Fmedia&parent=39"}],"curies":[{"name":"wp","href":"https:\/\/api.w.org\/{rel}","templated":true}]}}