{"id":510,"date":"2022-01-26T14:48:05","date_gmt":"2022-01-26T14:48:05","guid":{"rendered":"https:\/\/christiansenconsulting.dk\/?page_id=510"},"modified":"2024-01-08T07:33:30","modified_gmt":"2024-01-08T07:33:30","slug":"om-anne-marie","status":"publish","type":"page","link":"https:\/\/christiansenconsulting.dk\/?page_id=510","title":{"rendered":"Om Anne Marie"},"content":{"rendered":"\n<p>Jeg hedder Anne Marie Jessen. Jeg er s\u00f8nderjyde og kommer fra Aabenraa. Jeg har min faglige baggrund fra den finansielle verden, hvor jeg har 10 \u00e5rs ledelseserfaring. Jeg har gennem medarbejdersamtaler l\u00e6rt, hvor vigtigt det er at lytte og forst\u00e5 mennesker. Jeg har l\u00e6rt at forst\u00e5, at vi alle er forskellige og med forskellige behov. Det st\u00f8rste aktiv i en virksomhed er medarbejderne og derfor er det yderst vigtigt altid at have medarbejderne med p\u00e5 rejsen, is\u00e6r n\u00e5r der gennemf\u00f8res forandringer i virksomheden.<\/p>\n\n\n\n<p>En af mine spidskompetencer er opl\u00e6ring i ops\u00f8gende salg\/kanvas. En disciplin der er yderst vigtig for banker, forsikringsselskaber og andre virksomheder. Jeg kan hj\u00e6lpe din virksomhed med at g\u00f8re telefonkanvas sjovt. Du vil opleve, at dine r\u00e5dgivere og s\u00e6lgere f\u00e5r succes med telefonkanvas. Jeg kan ogs\u00e5 bidrage med udvikling af dine medarbejdere til bedre at udnytte salgspotentialer.&nbsp;&nbsp;<\/p>\n\n\n\n<p>Privat er jeg gift med Johan, som er indehaver af Christiansen Consulting. Sammen har vi tre b\u00f8rn alle bosat i \u00c5rhus. Vi har fire b\u00f8rneb\u00f8rn.<\/p>\n\n\n\n<p><strong>Erfaring:<\/strong><\/p>\n\n\n\n<ul class=\"wp-block-list\">\n<li><strong>Stillinger:&nbsp;<\/strong>Filialdirekt\u00f8r, kundechef, Erhvervskundechef og konsulent.\u200b<\/li>\n\n\n\n<li><strong>Anciennitet:&nbsp;<\/strong>+30 \u00e5rs erhvervserfaring; +10 \u00e5rs erfaring med ledelse; Salgserfaring.\u200b<\/li>\n\n\n\n<li><strong>Eksempler p\u00e5 arbejdsomr\u00e5der:&nbsp;<\/strong>Ledelse, Organisationsarbejde, Salg, HR, Projektstyring, Bankforretning og Bankr\u00e5dgivning, Undervisning.<\/li>\n<\/ul>\n\n\n\n<p><strong>Kontaktoplysninger<\/strong>:<br>Mailadresse <a href=\"mailto:c-consulting@c.dk\">c-consulting@c.dk<\/a><br>Mobil +45 29 20 25 42<\/p>\n\n\n\n<figure class=\"wp-block-image size-large is-resized\"><img loading=\"lazy\" decoding=\"async\" width=\"1024\" height=\"683\" src=\"https:\/\/christiansenconsulting.dk\/wp-content\/uploads\/2022\/01\/AM-1024x683.jpg\" alt=\"\" class=\"wp-image-517\" style=\"width:265px;height:177px\" srcset=\"https:\/\/christiansenconsulting.dk\/wp-content\/uploads\/2022\/01\/AM-1024x683.jpg 1024w, https:\/\/christiansenconsulting.dk\/wp-content\/uploads\/2022\/01\/AM-300x200.jpg 300w, https:\/\/christiansenconsulting.dk\/wp-content\/uploads\/2022\/01\/AM-768x512.jpg 768w, https:\/\/christiansenconsulting.dk\/wp-content\/uploads\/2022\/01\/AM.jpg 1472w\" sizes=\"(max-width: 1024px) 100vw, 1024px\" \/><\/figure>\n\n\n\n<p>   <\/p>\n\n\n\n<p>  <\/p>\n","protected":false},"excerpt":{"rendered":"<p>Jeg hedder Anne Marie Jessen. Jeg er s\u00f8nderjyde og kommer fra Aabenraa. Jeg har min faglige baggrund fra den finansielle verden, hvor jeg har 10 \u00e5rs ledelseserfaring. Jeg har gennem medarbejdersamtaler l\u00e6rt, hvor vigtigt det er at lytte og forst\u00e5 mennesker. Jeg har l\u00e6rt at forst\u00e5, at vi alle er forskellige og med forskellige behov. &hellip;<\/p>\n<p class=\"read-more\"> <a class=\"\" href=\"https:\/\/christiansenconsulting.dk\/?page_id=510\"> <span class=\"screen-reader-text\">Om Anne Marie<\/span> L\u00e6s mere &raquo;<\/a><\/p>\n","protected":false},"author":1,"featured_media":0,"parent":21,"menu_order":1,"comment_status":"closed","ping_status":"closed","template":"","meta":{"footnotes":""},"class_list":["post-510","page","type-page","status-publish","hentry"],"_links":{"self":[{"href":"https:\/\/christiansenconsulting.dk\/index.php?rest_route=\/wp\/v2\/pages\/510"}],"collection":[{"href":"https:\/\/christiansenconsulting.dk\/index.php?rest_route=\/wp\/v2\/pages"}],"about":[{"href":"https:\/\/christiansenconsulting.dk\/index.php?rest_route=\/wp\/v2\/types\/page"}],"author":[{"embeddable":true,"href":"https:\/\/christiansenconsulting.dk\/index.php?rest_route=\/wp\/v2\/users\/1"}],"replies":[{"embeddable":true,"href":"https:\/\/christiansenconsulting.dk\/index.php?rest_route=%2Fwp%2Fv2%2Fcomments&post=510"}],"version-history":[{"count":7,"href":"https:\/\/christiansenconsulting.dk\/index.php?rest_route=\/wp\/v2\/pages\/510\/revisions"}],"predecessor-version":[{"id":549,"href":"https:\/\/christiansenconsulting.dk\/index.php?rest_route=\/wp\/v2\/pages\/510\/revisions\/549"}],"up":[{"embeddable":true,"href":"https:\/\/christiansenconsulting.dk\/index.php?rest_route=\/wp\/v2\/pages\/21"}],"wp:attachment":[{"href":"https:\/\/christiansenconsulting.dk\/index.php?rest_route=%2Fwp%2Fv2%2Fmedia&parent=510"}],"curies":[{"name":"wp","href":"https:\/\/api.w.org\/{rel}","templated":true}]}}